{"id":29390,"date":"2025-08-24T14:32:51","date_gmt":"2025-08-24T19:32:51","guid":{"rendered":"https:\/\/status-store.com\/?post_type=product&#038;p=29390"},"modified":"2025-08-24T14:37:54","modified_gmt":"2025-08-24T19:37:54","slug":"faja-media-pierna-con-manga-tres-cuartos","status":"publish","type":"product","link":"https:\/\/status-store.com\/?product=faja-media-pierna-con-manga-tres-cuartos","title":{"rendered":"Faja media pierna con manga tres cuartos"},"content":{"rendered":"<h2>Un dise\u00f1o que se adapta a todas tus necesidades<\/h2>\n<p>La faja color beige con espalda cubierta, senos libres, manga tres cuartos, refuerzo abdominal, banda levanta gl\u00fateos y cierre inferior es el aliado ideal para quienes buscan soporte f\u00edsico y estilizaci\u00f3n en su rutina diaria. Dise\u00f1ada para adaptarse perfectamente al cuerpo, esta prenda equilibra funcionalidad y comodidad, ofreciendo una experiencia \u00fanica que te har\u00e1 sentir confiada y segura.<\/p>\n<h2>Caracter\u00edsticas que marcan la diferencia<\/h2>\n<p>Una de las principales caracter\u00edsticas de esta faja es su espalda cubierta, que proporciona un soporte adicional mientras mantiene una apariencia discreta. La inclusi\u00f3n de senos libres asegura que tengas libertad de movimiento y puedas usarla c\u00f3modamente con el sujetador de tu elecci\u00f3n. Su manga tres cuartos agrega un toque de dise\u00f1o sofisticado mientras garantiza una cobertura vers\u00e1til. Adem\u00e1s, cuenta con un refuerzo abdominal que ayuda a definir y moldear esta \u00e1rea crucial de manera eficiente.<\/p>\n<p>El dise\u00f1o media pierna est\u00e1 pensado para ofrecer mayor cobertura sin comprometer la flexibilidad. La banda levanta gl\u00fateos agrega un efecto tonificante que ayuda a realzar esta zona, ofreciendo resultados notables. Por \u00faltimo, el cierre inferior asegura practicidad para colocar y retirar la prenda sin complicaciones.<\/p>\n<h2>Materiales premium para m\u00e1xima comodidad<\/h2>\n<p>Confeccionada en un material el\u00e1stico de alta calidad, esta faja garantiza durabilidad y suavidad al contacto con la piel. Es ideal tanto para uso diario como para ocasiones especiales en las que desees un look refinado. Su elegante color beige permite una combinaci\u00f3n f\u00e1cil con otras prendas, asegurando discreci\u00f3n en todo momento.<\/p>\n<p>Haz de esta faja tu nueva favorita para moldear tu figura, realzar tus curvas y sentirte segura mientras realizas tus actividades. Comienza a disfrutar de los m\u00faltiples beneficios que ofrece y experimenta la diferencia que puede marcar una prenda correctamente dise\u00f1ada.<\/p>\n","protected":false},"excerpt":{"rendered":"<p>Un dise\u00f1o que se adapta a todas tus necesidades La faja color beige con espalda cubierta, senos libres, manga tres<\/p>\n","protected":false},"featured_media":29406,"comment_status":"open","ping_status":"closed","template":"","meta":[],"product_brand":[91],"product_cat":[83,73],"product_tag":[],"class_list":{"0":"post-29390","1":"product","2":"type-product","3":"status-publish","4":"has-post-thumbnail","6":"product_brand-bodyflex","7":"product_cat-fajas-por-encima-de-la-rodilla","8":"product_cat-mujer","10":"first","11":"instock","12":"shipping-taxable","13":"purchasable","14":"product-type-variable","15":"has-default-attributes"},"aioseo_notices":[],"_links":{"self":[{"href":"https:\/\/status-store.com\/index.php?rest_route=\/wp\/v2\/product\/29390","targetHints":{"allow":["GET"]}}],"collection":[{"href":"https:\/\/status-store.com\/index.php?rest_route=\/wp\/v2\/product"}],"about":[{"href":"https:\/\/status-store.com\/index.php?rest_route=\/wp\/v2\/types\/product"}],"replies":[{"embeddable":true,"href":"https:\/\/status-store.com\/index.php?rest_route=%2Fwp%2Fv2%2Fcomments&post=29390"}],"version-history":[{"count":3,"href":"https:\/\/status-store.com\/index.php?rest_route=\/wp\/v2\/product\/29390\/revisions"}],"predecessor-version":[{"id":29407,"href":"https:\/\/status-store.com\/index.php?rest_route=\/wp\/v2\/product\/29390\/revisions\/29407"}],"wp:featuredmedia":[{"embeddable":true,"href":"https:\/\/status-store.com\/index.php?rest_route=\/wp\/v2\/media\/29406"}],"wp:attachment":[{"href":"https:\/\/status-store.com\/index.php?rest_route=%2Fwp%2Fv2%2Fmedia&parent=29390"}],"wp:term":[{"taxonomy":"product_brand","embeddable":true,"href":"https:\/\/status-store.com\/index.php?rest_route=%2Fwp%2Fv2%2Fproduct_brand&post=29390"},{"taxonomy":"product_cat","embeddable":true,"href":"https:\/\/status-store.com\/index.php?rest_route=%2Fwp%2Fv2%2Fproduct_cat&post=29390"},{"taxonomy":"product_tag","embeddable":true,"href":"https:\/\/status-store.com\/index.php?rest_route=%2Fwp%2Fv2%2Fproduct_tag&post=29390"}],"curies":[{"name":"wp","href":"https:\/\/api.w.org\/{rel}","templated":true}]}}