{"id":30217,"date":"2025-08-27T12:12:05","date_gmt":"2025-08-27T17:12:05","guid":{"rendered":"https:\/\/status-store.com\/?post_type=product&#038;p=30217"},"modified":"2025-08-27T12:17:06","modified_gmt":"2025-08-27T17:17:06","slug":"faja-de-alta-compresion-con-cubrimiento-de-espalda","status":"publish","type":"product","link":"https:\/\/status-store.com\/?product=faja-de-alta-compresion-con-cubrimiento-de-espalda","title":{"rendered":"Faja de alta compresi\u00f3n con cubrimiento de espalda"},"content":{"rendered":"<p>Faja postquir\u00fargica de alta compresi\u00f3n, dise\u00f1ada para moldear la espalda y controlar la zona axilar. Reduce el tejido adiposo y ofrece soporte postoperatorio para una recuperaci\u00f3n \u00f3ptima.<\/p>\n","protected":false},"excerpt":{"rendered":"<p>Faja postquir\u00fargica de alta compresi\u00f3n, dise\u00f1ada para moldear la espalda y controlar la zona axilar. Reduce el tejido adiposo y<\/p>\n","protected":false},"featured_media":30236,"comment_status":"open","ping_status":"closed","template":"","meta":[],"product_brand":[90],"product_cat":[84,73],"product_tag":[],"class_list":{"0":"post-30217","1":"product","2":"type-product","3":"status-publish","4":"has-post-thumbnail","6":"product_brand-fajate","7":"product_cat-fajas-cortas","8":"product_cat-mujer","10":"first","11":"instock","12":"shipping-taxable","13":"purchasable","14":"product-type-variable","15":"has-default-attributes"},"aioseo_notices":[],"_links":{"self":[{"href":"https:\/\/status-store.com\/index.php?rest_route=\/wp\/v2\/product\/30217","targetHints":{"allow":["GET"]}}],"collection":[{"href":"https:\/\/status-store.com\/index.php?rest_route=\/wp\/v2\/product"}],"about":[{"href":"https:\/\/status-store.com\/index.php?rest_route=\/wp\/v2\/types\/product"}],"replies":[{"embeddable":true,"href":"https:\/\/status-store.com\/index.php?rest_route=%2Fwp%2Fv2%2Fcomments&post=30217"}],"version-history":[{"count":1,"href":"https:\/\/status-store.com\/index.php?rest_route=\/wp\/v2\/product\/30217\/revisions"}],"predecessor-version":[{"id":30238,"href":"https:\/\/status-store.com\/index.php?rest_route=\/wp\/v2\/product\/30217\/revisions\/30238"}],"wp:featuredmedia":[{"embeddable":true,"href":"https:\/\/status-store.com\/index.php?rest_route=\/wp\/v2\/media\/30236"}],"wp:attachment":[{"href":"https:\/\/status-store.com\/index.php?rest_route=%2Fwp%2Fv2%2Fmedia&parent=30217"}],"wp:term":[{"taxonomy":"product_brand","embeddable":true,"href":"https:\/\/status-store.com\/index.php?rest_route=%2Fwp%2Fv2%2Fproduct_brand&post=30217"},{"taxonomy":"product_cat","embeddable":true,"href":"https:\/\/status-store.com\/index.php?rest_route=%2Fwp%2Fv2%2Fproduct_cat&post=30217"},{"taxonomy":"product_tag","embeddable":true,"href":"https:\/\/status-store.com\/index.php?rest_route=%2Fwp%2Fv2%2Fproduct_tag&post=30217"}],"curies":[{"name":"wp","href":"https:\/\/api.w.org\/{rel}","templated":true}]}}