{"id":30277,"date":"2025-08-27T12:26:55","date_gmt":"2025-08-27T17:26:55","guid":{"rendered":"https:\/\/status-store.com\/?post_type=product&#038;p=30277"},"modified":"2025-08-27T12:32:30","modified_gmt":"2025-08-27T17:32:30","slug":"faja-postquirurgica-con-brasier","status":"publish","type":"product","link":"https:\/\/status-store.com\/?product=faja-postquirurgica-con-brasier","title":{"rendered":"Faja postquir\u00fargica con brasier"},"content":{"rendered":"<p>Faja postquir\u00fargica de alta compresi\u00f3n ideal para cicatrizaci\u00f3n y recuperaci\u00f3n. Fabricada con powernet externo y lycra interna, ofrece beneficios para la piel, control de espalda y ajuste personalizado con abrochadura de 3 niveles y 19 ganchos para mejorar la postura. Perfecta para uso diario y postcirug\u00eda, casi invisible bajo la ropa.<\/p>\n","protected":false},"excerpt":{"rendered":"<p>Faja postquir\u00fargica de alta compresi\u00f3n ideal para cicatrizaci\u00f3n y recuperaci\u00f3n. Fabricada con powernet externo y lycra interna, ofrece beneficios para<\/p>\n","protected":false},"featured_media":30312,"comment_status":"open","ping_status":"closed","template":"","meta":[],"product_brand":[90],"product_cat":[83,73],"product_tag":[],"class_list":{"0":"post-30277","1":"product","2":"type-product","3":"status-publish","4":"has-post-thumbnail","6":"product_brand-fajate","7":"product_cat-fajas-por-encima-de-la-rodilla","8":"product_cat-mujer","10":"first","11":"instock","12":"shipping-taxable","13":"purchasable","14":"product-type-variable","15":"has-default-attributes"},"aioseo_notices":[],"_links":{"self":[{"href":"https:\/\/status-store.com\/index.php?rest_route=\/wp\/v2\/product\/30277","targetHints":{"allow":["GET"]}}],"collection":[{"href":"https:\/\/status-store.com\/index.php?rest_route=\/wp\/v2\/product"}],"about":[{"href":"https:\/\/status-store.com\/index.php?rest_route=\/wp\/v2\/types\/product"}],"replies":[{"embeddable":true,"href":"https:\/\/status-store.com\/index.php?rest_route=%2Fwp%2Fv2%2Fcomments&post=30277"}],"version-history":[{"count":1,"href":"https:\/\/status-store.com\/index.php?rest_route=\/wp\/v2\/product\/30277\/revisions"}],"predecessor-version":[{"id":30313,"href":"https:\/\/status-store.com\/index.php?rest_route=\/wp\/v2\/product\/30277\/revisions\/30313"}],"wp:featuredmedia":[{"embeddable":true,"href":"https:\/\/status-store.com\/index.php?rest_route=\/wp\/v2\/media\/30312"}],"wp:attachment":[{"href":"https:\/\/status-store.com\/index.php?rest_route=%2Fwp%2Fv2%2Fmedia&parent=30277"}],"wp:term":[{"taxonomy":"product_brand","embeddable":true,"href":"https:\/\/status-store.com\/index.php?rest_route=%2Fwp%2Fv2%2Fproduct_brand&post=30277"},{"taxonomy":"product_cat","embeddable":true,"href":"https:\/\/status-store.com\/index.php?rest_route=%2Fwp%2Fv2%2Fproduct_cat&post=30277"},{"taxonomy":"product_tag","embeddable":true,"href":"https:\/\/status-store.com\/index.php?rest_route=%2Fwp%2Fv2%2Fproduct_tag&post=30277"}],"curies":[{"name":"wp","href":"https:\/\/api.w.org\/{rel}","templated":true}]}}