{"id":31162,"date":"2025-08-31T12:14:31","date_gmt":"2025-08-31T17:14:31","guid":{"rendered":"https:\/\/status-store.com\/?post_type=product&#038;p=31162"},"modified":"2025-08-31T13:09:46","modified_gmt":"2025-08-31T18:09:46","slug":"faja-media-pierna-marilyn","status":"publish","type":"product","link":"https:\/\/status-store.com\/?product=faja-media-pierna-marilyn","title":{"rendered":"Faja media pierna Marilyn"},"content":{"rendered":"<p>Faja media pierna Marilyn te permite transformar tus curvas y lucir una figura m\u00e1s definida y atractiva. Su tecnolog\u00eda te permite moldear tus curvas y darle una forma m\u00e1s definida y atractiva a tu cuerpo. Con su dise\u00f1o ajustado y c\u00f3modo, esta faja es la soluci\u00f3n perfecta para lucir mejor tu silueta en todo momento.<\/p>\n","protected":false},"excerpt":{"rendered":"<p>Faja media pierna Marilyn te permite transformar tus curvas y lucir una figura m\u00e1s definida y atractiva. Su tecnolog\u00eda te<\/p>\n","protected":false},"featured_media":31149,"comment_status":"open","ping_status":"closed","template":"","meta":[],"product_brand":[116],"product_cat":[84,73,100],"product_tag":[],"class_list":{"0":"post-31162","1":"product","2":"type-product","3":"status-publish","4":"has-post-thumbnail","6":"product_brand-fajiex","7":"product_cat-fajas-cortas","8":"product_cat-mujer","9":"product_cat-panty","11":"first","12":"instock","13":"shipping-taxable","14":"purchasable","15":"product-type-variable","16":"has-default-attributes"},"aioseo_notices":[],"_links":{"self":[{"href":"https:\/\/status-store.com\/index.php?rest_route=\/wp\/v2\/product\/31162","targetHints":{"allow":["GET"]}}],"collection":[{"href":"https:\/\/status-store.com\/index.php?rest_route=\/wp\/v2\/product"}],"about":[{"href":"https:\/\/status-store.com\/index.php?rest_route=\/wp\/v2\/types\/product"}],"replies":[{"embeddable":true,"href":"https:\/\/status-store.com\/index.php?rest_route=%2Fwp%2Fv2%2Fcomments&post=31162"}],"version-history":[{"count":1,"href":"https:\/\/status-store.com\/index.php?rest_route=\/wp\/v2\/product\/31162\/revisions"}],"predecessor-version":[{"id":31172,"href":"https:\/\/status-store.com\/index.php?rest_route=\/wp\/v2\/product\/31162\/revisions\/31172"}],"wp:featuredmedia":[{"embeddable":true,"href":"https:\/\/status-store.com\/index.php?rest_route=\/wp\/v2\/media\/31149"}],"wp:attachment":[{"href":"https:\/\/status-store.com\/index.php?rest_route=%2Fwp%2Fv2%2Fmedia&parent=31162"}],"wp:term":[{"taxonomy":"product_brand","embeddable":true,"href":"https:\/\/status-store.com\/index.php?rest_route=%2Fwp%2Fv2%2Fproduct_brand&post=31162"},{"taxonomy":"product_cat","embeddable":true,"href":"https:\/\/status-store.com\/index.php?rest_route=%2Fwp%2Fv2%2Fproduct_cat&post=31162"},{"taxonomy":"product_tag","embeddable":true,"href":"https:\/\/status-store.com\/index.php?rest_route=%2Fwp%2Fv2%2Fproduct_tag&post=31162"}],"curies":[{"name":"wp","href":"https:\/\/api.w.org\/{rel}","templated":true}]}}