{"id":31336,"date":"2025-09-01T03:26:45","date_gmt":"2025-09-01T08:26:45","guid":{"rendered":"https:\/\/status-store.com\/?post_type=product&#038;p=31336"},"modified":"2025-09-01T03:32:03","modified_gmt":"2025-09-01T08:32:03","slug":"faja-reloj-de-arena-medio-muslo-en-powernet","status":"publish","type":"product","link":"https:\/\/status-store.com\/?product=faja-reloj-de-arena-medio-muslo-en-powernet","title":{"rendered":"Faja reloj de arena medio muslo en Powernet"},"content":{"rendered":"<p>Est\u00e1 faja es especialmente para mujeres con cintura peque\u00f1a, caderas grandes y anchas.\u00a0 Est\u00e1 elaborada en powernet, recubierta en nylon de tacto fr\u00edo. Su dise\u00f1o con varillas hace que tengas un mejor moldeo en cintura.<\/p>\n","protected":false},"excerpt":{"rendered":"<p>Est\u00e1 faja es especialmente para mujeres con cintura peque\u00f1a, caderas grandes y anchas.\u00a0 Est\u00e1 elaborada en powernet, recubierta en nylon<\/p>\n","protected":false},"featured_media":31359,"comment_status":"open","ping_status":"closed","template":"","meta":[],"product_brand":[118],"product_cat":[80,83,73],"product_tag":[],"class_list":{"0":"post-31336","1":"product","2":"type-product","3":"status-publish","4":"has-post-thumbnail","6":"product_brand-mariae","7":"product_cat-fajas","8":"product_cat-fajas-por-encima-de-la-rodilla","9":"product_cat-mujer","11":"first","12":"instock","13":"shipping-taxable","14":"purchasable","15":"product-type-variable","16":"has-default-attributes"},"aioseo_notices":[],"_links":{"self":[{"href":"https:\/\/status-store.com\/index.php?rest_route=\/wp\/v2\/product\/31336","targetHints":{"allow":["GET"]}}],"collection":[{"href":"https:\/\/status-store.com\/index.php?rest_route=\/wp\/v2\/product"}],"about":[{"href":"https:\/\/status-store.com\/index.php?rest_route=\/wp\/v2\/types\/product"}],"replies":[{"embeddable":true,"href":"https:\/\/status-store.com\/index.php?rest_route=%2Fwp%2Fv2%2Fcomments&post=31336"}],"version-history":[{"count":1,"href":"https:\/\/status-store.com\/index.php?rest_route=\/wp\/v2\/product\/31336\/revisions"}],"predecessor-version":[{"id":31368,"href":"https:\/\/status-store.com\/index.php?rest_route=\/wp\/v2\/product\/31336\/revisions\/31368"}],"wp:featuredmedia":[{"embeddable":true,"href":"https:\/\/status-store.com\/index.php?rest_route=\/wp\/v2\/media\/31359"}],"wp:attachment":[{"href":"https:\/\/status-store.com\/index.php?rest_route=%2Fwp%2Fv2%2Fmedia&parent=31336"}],"wp:term":[{"taxonomy":"product_brand","embeddable":true,"href":"https:\/\/status-store.com\/index.php?rest_route=%2Fwp%2Fv2%2Fproduct_brand&post=31336"},{"taxonomy":"product_cat","embeddable":true,"href":"https:\/\/status-store.com\/index.php?rest_route=%2Fwp%2Fv2%2Fproduct_cat&post=31336"},{"taxonomy":"product_tag","embeddable":true,"href":"https:\/\/status-store.com\/index.php?rest_route=%2Fwp%2Fv2%2Fproduct_tag&post=31336"}],"curies":[{"name":"wp","href":"https:\/\/api.w.org\/{rel}","templated":true}]}}