{"id":31894,"date":"2025-09-01T07:40:32","date_gmt":"2025-09-01T12:40:32","guid":{"rendered":"https:\/\/status-store.com\/?post_type=product&#038;p=31894"},"modified":"2025-09-01T07:44:02","modified_gmt":"2025-09-01T12:44:02","slug":"faja-tipo-boxer-en-powernet","status":"publish","type":"product","link":"https:\/\/status-store.com\/?product=faja-tipo-boxer-en-powernet","title":{"rendered":"Faja tipo boxer en Powernet"},"content":{"rendered":"<p>\u00a1Conoce las mejores\u00a0fajas masculinas! Si\u00e9ntete tranquilo y seguro despu\u00e9s de cualquier procedimiento est\u00e9tico, con nuestras\u00a0fajas postquir\u00fargicas. Su dise\u00f1o con control m\u00e1ximo en pecho, abdomen y espalda te ayudar\u00e1n a lograr mejores resultados gracias a su tecnolog\u00eda en Powernet que no cede y ejerce la presi\u00f3n exacta que el cuerpo necesita para tener una \u00f3ptima recuperaci\u00f3n.<\/p>\n","protected":false},"excerpt":{"rendered":"<p>\u00a1Conoce las mejores\u00a0fajas masculinas! Si\u00e9ntete tranquilo y seguro despu\u00e9s de cualquier procedimiento est\u00e9tico, con nuestras\u00a0fajas postquir\u00fargicas. Su dise\u00f1o con control<\/p>\n","protected":false},"featured_media":31921,"comment_status":"open","ping_status":"closed","template":"","meta":[],"product_brand":[118],"product_cat":[74,102],"product_tag":[],"class_list":{"0":"post-31894","1":"product","2":"type-product","3":"status-publish","4":"has-post-thumbnail","6":"product_brand-mariae","7":"product_cat-hombre","8":"product_cat-fajas-cortas-hombre","10":"first","11":"instock","12":"shipping-taxable","13":"purchasable","14":"product-type-variable","15":"has-default-attributes"},"aioseo_notices":[],"_links":{"self":[{"href":"https:\/\/status-store.com\/index.php?rest_route=\/wp\/v2\/product\/31894","targetHints":{"allow":["GET"]}}],"collection":[{"href":"https:\/\/status-store.com\/index.php?rest_route=\/wp\/v2\/product"}],"about":[{"href":"https:\/\/status-store.com\/index.php?rest_route=\/wp\/v2\/types\/product"}],"replies":[{"embeddable":true,"href":"https:\/\/status-store.com\/index.php?rest_route=%2Fwp%2Fv2%2Fcomments&post=31894"}],"version-history":[{"count":2,"href":"https:\/\/status-store.com\/index.php?rest_route=\/wp\/v2\/product\/31894\/revisions"}],"predecessor-version":[{"id":31923,"href":"https:\/\/status-store.com\/index.php?rest_route=\/wp\/v2\/product\/31894\/revisions\/31923"}],"wp:featuredmedia":[{"embeddable":true,"href":"https:\/\/status-store.com\/index.php?rest_route=\/wp\/v2\/media\/31921"}],"wp:attachment":[{"href":"https:\/\/status-store.com\/index.php?rest_route=%2Fwp%2Fv2%2Fmedia&parent=31894"}],"wp:term":[{"taxonomy":"product_brand","embeddable":true,"href":"https:\/\/status-store.com\/index.php?rest_route=%2Fwp%2Fv2%2Fproduct_brand&post=31894"},{"taxonomy":"product_cat","embeddable":true,"href":"https:\/\/status-store.com\/index.php?rest_route=%2Fwp%2Fv2%2Fproduct_cat&post=31894"},{"taxonomy":"product_tag","embeddable":true,"href":"https:\/\/status-store.com\/index.php?rest_route=%2Fwp%2Fv2%2Fproduct_tag&post=31894"}],"curies":[{"name":"wp","href":"https:\/\/api.w.org\/{rel}","templated":true}]}}